highest common factor of 693 and 3696.
231
What is the highest common divisor of 88 and 4312?
88
Calculate the highest common factor of 164 and 779.
41
What is the highest common divisor of 56 and 72?
8
Calculate the greatest common divisor of 52 and 208.
52
Calculate the highest common factor of 2 and 14.
2
What is the greatest common factor of 1065 and 60?
15
Calculate the greatest common factor of 141 and 10.
1
What is the highest common factor of 228 and 133?
19
What is the greatest common divisor of 5000 and 800?
200
Calculate the greatest common divisor of 132 and 88.
44
What is the highest common divisor of 7 and 7?
7
Calculate the greatest common factor of 461 and 19.
1
What is the highest common factor of 918 and 270?
54
Calculate the greatest common factor of 63 and 378.
63
What is the greatest common factor of 78 and 6?
6
Calculate the greatest common divisor of 9802 and 986.
58
What is the highest common factor of 5984 and 11?
11
Calculate the highest common divisor of 1326 and 408.
102
Calculate the highest common factor of 84 and 16.
4
Calculate the greatest common divisor of 18 and 414.
18
What is the greatest common factor of 15 and 2?
1
Calculate the highest common factor of 4 and 1966.
2
What is the greatest common factor of 68 and 612?
68
What is the highest common factor of 10619 and 518?
259
What is the greatest common divisor of 90 and 882?
18
What is the greatest common factor of 6250 and 3250?
250
Calculate the highest common factor of 21 and 1953.
21
Calculate the highest common factor of 112 and 392.
56
What is the greatest common factor of 52 and 3328?
52
Calculate the greatest common factor of 87079 and 31.
31
Calculate the highest common divisor of 84 and 156.
12
Calculate the greatest common factor of 143 and 78.
13
What is the highest common factor of 5500 and 20?
20
What is the highest common factor of 832 and 13?
13
Calculate the highest common divisor of 4655 and 190.
95
Calculate the greatest common factor of 54 and 78.
6
What is the greatest common factor of 102 and 238?
34
What is the highest common factor of 900 and 1260?
180
Calculate the highest common divisor of 19 and 75.
1
Calculate the highest common divisor of 620 and 20.
20
Calculate the highest common factor of 13 and 13117.
13
Calculate the highest common factor of 3808 and 56.
56
What is the highest common factor of 682 and 3322?
22
Calculate the highest common factor of 1236 and 36.
12
Calculate the highest common divisor of 869 and 341.
11
Calculate the highest common divisor of 17155 and 365.
365
Calculate the greatest common factor of 185 and 160.
5
Calculate the highest common factor of 14 and 1554.
14
What is the greatest common factor of 30 and 10?
10
What is the highest common divisor of 12 and 42?
6
What is the greatest common divisor of 185 and 37?
37
Calculate the greatest common divisor of 18 and 126.
18
What is the highest common factor of 34 and 8653?
17
Calculate the greatest common divisor of 152 and 32.
8
Calculate the greatest common factor of 2573 and 31.
31
What is the greatest common factor of 901 and 17?
17
What is the highest common divisor of 826 and 3186?
118
Calculate the highest common divisor of 52 and 9932.
52
Calculate the highest common factor of 5336 and 3128.
184
What is the highest common divisor of 2123 and 11?
11
Calculate the highest common factor of 117 and 52.
13
Calculate the greatest common factor of 124 and 23932.
124
What is the greatest common divisor of 2548 and 9100?
364
Calculate the greatest common factor of 37 and 4.
1
What is the highest common divisor of 37 and 4?
1
What is the greatest common factor of 63 and 1512?
63
What is the highest common factor of 207 and 6?
3
Calculate the greatest common divisor of 60 and 6860.
20
What is the greatest common divisor of 205 and 4469?
41
Calculate the highest common factor of 360 and 135.
45
What is the highest common divisor of 19 and 50483?
19
What is the highest common factor of 294 and 12?
6
What is the highest common divisor of 1247 and 215?
43
What is the greatest common factor of 3004 and 12?
4
Calculate the highest common divisor of 30 and 5890.
10
What is the greatest common factor of 741 and 78?
39
Calculate the greatest common factor of 31897 and 334.
167
What is the highest common factor of 95 and 57?
19
What is the highest common factor of 2238 and 12?
6
Calculate the highest common factor of 224 and 910.
14
What is the highest common divisor of 49 and 12201?
49
Calculate the highest common divisor of 30 and 90.
30
What is the greatest common divisor of 104 and 1053?
13
What is the highest common factor of 84 and 224?
28
What is the highest common factor of 128 and 1696?
32
What is the highest common factor of 8 and 32?
8
What is the highest common divisor of 40 and 3880?
40
Calculate the greatest common factor of 4 and 1339.
1
Calculate the greatest common factor of 3 and 32.
1
Calculate the highest common factor of 56 and 28.
28
Calculate the greatest common divisor of 2438 and 4558.
106
Calculate the highest common factor of 716 and 4.
4
What is the greatest common factor of 12366 and 54?
54
What is the highest common factor of 1344 and 189?
21
Calculate the highest common divisor of 20 and 18250.
10
Calculate the highest common factor of 57 and 5491.
19
Calculate the greatest common factor of 21 and 87.
3
Calculate the highest common divisor of 749 and 856.
107
Calculate the greatest common factor of 100 and 36.
4
Calculate the highest common divisor of 252 and 24.
12
What is the greatest common divisor of 62 and 1457?
31
Calculate the greatest common factor of 140 and 364.
28
Calculate the highest common divisor of 2145 and 455.
65
Calculate the greatest common factor of 165 and 5280.
165
Calculate the greatest common factor of 240 and 7120.
80
Calculate the highest common divisor of 784 and 1470.
98
What is the greatest common divisor of 43 and 3010?
43
What is the highest common divisor of 710 and 142?
142
Calculate the highest common factor of 225 and 60.
15
Calculate the greatest common divisor of 1054 and 34.
34
What is the greatest common factor of 19480 and 8?
8
Calculate the greatest common factor of 835 and 4509.
167
What is the highest common divisor of 12626 and 236?
118
Calculate the highest common factor of 70 and 30.
10
What is the highest common factor of 15 and 6?
3
What is the highest common divisor of 1239 and 189?
21
What is the highest common factor of 2826 and 54?
18
What is the greatest common factor of 132 and 99?
33
Calculate the greatest common factor of 14 and 350.
14
What is the greatest common factor of 1755 and 78?
39
Calculate the greatest common factor of 6 and 174.
6
What is the greatest common divisor of 1 and 491?
1
What is the greatest common divisor of 1419 and 132?
33
Calculate the highest common divisor of 104 and 7852.
52
Calculate the highest common divisor of 126 and 18207.
63
What is the highest common divisor of 138 and 12?
6
Calculate the greatest common divisor of 244 and 11346.
122
Calculate the highest common factor of 14739 and 34.
17
Calculate the highest common factor of 451 and 44.
11
What is the highest common divisor of 176 and 12408?
88
Calculate the highest common factor of 1070 and 40.
10
Calculate the greatest common factor of 81 and 126.
9
What is the highest common divisor of 22 and 341?
11
What is the highest common divisor of 1984 and 124?
124
Calculate the highest common factor of 35 and 395.
5
Calculate the greatest common factor of 32 and 116.
4
What is the highest common divisor of 14 and 24?
2
Calculate the highest common divisor of 205 and 5207.
41
Calculate the highest common divisor of 1024 and 16.
16
Calculate the greatest common divisor of 55 and 1199.
11
What is the highest common factor of 45 and 105?
15
Calculate the greatest common factor of 26 and 2418.
26
What is the greatest common divisor of 352 and 64?
32
Calculate the highest common factor of 1734 and 408.
102
What is the greatest common divisor of 1692 and 60?
12
Calculate the highest common divisor of 294 and 17.
1
Calculate the greatest common divisor of 1641 and 3.
3
Calculate the highest common factor of 119 and 42.
7
What is the highest common factor of 243 and 4293?
81
What is the highest common